{"id":1142,"date":"2014-05-14T22:01:08","date_gmt":"2014-05-14T21:01:08","guid":{"rendered":"https:\/\/www.skmisia.ch\/?page_id=1142"},"modified":"2016-06-08T14:03:47","modified_gmt":"2016-06-08T13:03:47","slug":"akcie-zeneva","status":"publish","type":"page","link":"https:\/\/www.skmisia.ch\/?page_id=1142","title":{"rendered":"Akcie \u017deneva"},"content":{"rendered":"<p>V \u017deneve sa pravidelne organizuj\u00fa\u00a0tieto\u00a0akcie:\u00a0Fa\u0161iangov\u00e1 z\u00e1bava, De\u0148 det\u00ed a Sv. Mikul\u00e1\u0161.<\/p>\n<p>Ob\u010das k n\u00e1m zav\u00edta aj folkl\u00f3rny s\u00fabor Kalvar\u010dan.<\/p>\n","protected":false},"excerpt":{"rendered":"<p>V \u017deneve sa pravidelne organizuj\u00fa\u00a0tieto\u00a0akcie:\u00a0Fa\u0161iangov\u00e1 z\u00e1bava, De\u0148 det\u00ed a Sv. Mikul\u00e1\u0161. Ob\u010das k n\u00e1m zav\u00edta aj folkl\u00f3rny s\u00fabor Kalvar\u010dan.<\/p>\n","protected":false},"author":3,"featured_media":0,"parent":0,"menu_order":0,"comment_status":"open","ping_status":"open","template":"","meta":{"ngg_post_thumbnail":0},"_links":{"self":[{"href":"https:\/\/www.skmisia.ch\/index.php?rest_route=\/wp\/v2\/pages\/1142"}],"collection":[{"href":"https:\/\/www.skmisia.ch\/index.php?rest_route=\/wp\/v2\/pages"}],"about":[{"href":"https:\/\/www.skmisia.ch\/index.php?rest_route=\/wp\/v2\/types\/page"}],"author":[{"embeddable":true,"href":"https:\/\/www.skmisia.ch\/index.php?rest_route=\/wp\/v2\/users\/3"}],"replies":[{"embeddable":true,"href":"https:\/\/www.skmisia.ch\/index.php?rest_route=%2Fwp%2Fv2%2Fcomments&post=1142"}],"version-history":[{"count":4,"href":"https:\/\/www.skmisia.ch\/index.php?rest_route=\/wp\/v2\/pages\/1142\/revisions"}],"predecessor-version":[{"id":5396,"href":"https:\/\/www.skmisia.ch\/index.php?rest_route=\/wp\/v2\/pages\/1142\/revisions\/5396"}],"wp:attachment":[{"href":"https:\/\/www.skmisia.ch\/index.php?rest_route=%2Fwp%2Fv2%2Fmedia&parent=1142"}],"curies":[{"name":"wp","href":"https:\/\/api.w.org\/{rel}","templated":true}]}}