{"id":1140,"date":"2014-05-14T22:00:29","date_gmt":"2014-05-14T21:00:29","guid":{"rendered":"https:\/\/www.skmisia.ch\/?page_id=1140"},"modified":"2016-01-29T22:34:17","modified_gmt":"2016-01-29T21:34:17","slug":"sv-spovede-zeneva","status":"publish","type":"page","link":"https:\/\/www.skmisia.ch\/?page_id=1140","title":{"rendered":"Sv. spovede \u017deneva"},"content":{"rendered":"<p>Otec Jozef Bago SDB spoved\u00e1 pred aj po sv. om\u0161i, pod\u013ea potreby.<\/p>\n","protected":false},"excerpt":{"rendered":"<p>Otec Jozef Bago SDB spoved\u00e1 pred aj po sv. om\u0161i, pod\u013ea potreby.<\/p>\n","protected":false},"author":3,"featured_media":0,"parent":0,"menu_order":0,"comment_status":"open","ping_status":"open","template":"","meta":{"ngg_post_thumbnail":0},"_links":{"self":[{"href":"https:\/\/www.skmisia.ch\/index.php?rest_route=\/wp\/v2\/pages\/1140"}],"collection":[{"href":"https:\/\/www.skmisia.ch\/index.php?rest_route=\/wp\/v2\/pages"}],"about":[{"href":"https:\/\/www.skmisia.ch\/index.php?rest_route=\/wp\/v2\/types\/page"}],"author":[{"embeddable":true,"href":"https:\/\/www.skmisia.ch\/index.php?rest_route=\/wp\/v2\/users\/3"}],"replies":[{"embeddable":true,"href":"https:\/\/www.skmisia.ch\/index.php?rest_route=%2Fwp%2Fv2%2Fcomments&post=1140"}],"version-history":[{"count":3,"href":"https:\/\/www.skmisia.ch\/index.php?rest_route=\/wp\/v2\/pages\/1140\/revisions"}],"predecessor-version":[{"id":4696,"href":"https:\/\/www.skmisia.ch\/index.php?rest_route=\/wp\/v2\/pages\/1140\/revisions\/4696"}],"wp:attachment":[{"href":"https:\/\/www.skmisia.ch\/index.php?rest_route=%2Fwp%2Fv2%2Fmedia&parent=1140"}],"curies":[{"name":"wp","href":"https:\/\/api.w.org\/{rel}","templated":true}]}}